{"id":166,"date":"2021-09-20T17:45:50","date_gmt":"2021-09-20T15:45:50","guid":{"rendered":"http:\/\/funinio.pl\/?page_id=166"},"modified":"2021-09-27T16:14:05","modified_gmt":"2021-09-27T14:14:05","slug":"filozofia-szkolenia","status":"publish","type":"page","link":"https:\/\/funinio.pl\/index.php\/filozofia-szkolenia\/","title":{"rendered":"Filozofia szkolenia"},"content":{"rendered":"\n<div class=\"wp-block-columns are-vertically-aligned-top is-layout-flex wp-container-core-columns-is-layout-9d6595d7 wp-block-columns-is-layout-flex\">\n<div class=\"wp-block-column is-vertically-aligned-top is-layout-flow wp-block-column-is-layout-flow\">\n<h3 class=\"wp-block-heading\">Dlaczego Funinio<\/h3>\n\n\n\n<p>Inspiracj\u0105 do stworzenia planu szkolenia Akademii Funinio by\u0142y dwa \u017arod\u0142a.<\/p>\n\n\n\n<p>Pierwszym z nich jest oczywi\u015bcie wspomniany ju\u017c w zak\u0142adce &#8222;O Akademii&#8221; niemiecki Trener Horst Wein, kt\u00f3rego filozofia szkolenia wykorzystywana jest w r\u00f3\u017cnych formach i modyfikacjach w najbardziej rozwini\u0119tych pi\u0142karsko krajach na \u015bwiecie.<\/p>\n<\/div>\n\n\n\n<div class=\"wp-block-column is-layout-flow wp-block-column-is-layout-flow\">\n<h3 class=\"wp-block-heading\">Na czym jednak polega koncepcja Funinio<\/h3>\n\n\n\n<p>Funinio zak\u0142ada wszechstronne rozwijanie zawodnika poprzez, zorganizowanie mu \u015brodowiska do rozwoju g\u0142\u00f3wnie w postaci gier. Chodzi oczywi\u015bcie o gry w odpowiednich, r\u00f3\u017cnych formu\u0142ach. Ich dostosowanie do celu zaj\u0119\u0107 oraz umiej\u0119tno\u015bci zawodnik\u00f3w, ma na celu zmaksymalizowanie rozwoju zawodnik\u00f3w w ka\u017cdym kierunku \u2013 techniki, motoryki, kreatywno\u015bci i mentalno\u015bci.<\/p>\n\n\n\n<p>Drugim \u017ar\u00f3d\u0142em z jakiego staramy si\u0119 czerpa\u0107, jest nasze wieloletnie do\u015bwiadczenie. Sprawdzone metody, kt\u00f3re stosujemy w pracy z dzie\u0107mi i m\u0142odzie\u017c\u0105 od wielu lat i kt\u00f3re przynios\u0142y oczekiwane efekty, chcemy wplata\u0107 w filozofi\u0119 Funinio, aby w po\u0142\u0105czeniu stworzy\u0107 unikalny i nieszablonowy plan szkoleniowy, kt\u00f3re pozwoli naszym zawodnikom wspina\u0107 si\u0119 jak najwy\u017cej w trakcie swojej pi\u0142karskiej przygody.<\/p>\n<\/div>\n<\/div>\n\n\n\n<p><\/p>\n","protected":false},"excerpt":{"rendered":"<p>Dlaczego Funinio Inspiracj\u0105 do stworzenia planu szkolenia Akademii Funinio by\u0142y dwa \u017arod\u0142a. Pierwszym z nich jest oczywi\u015bcie wspomniany ju\u017c w zak\u0142adce &#8222;O Akademii&#8221; niemiecki Trener Horst Wein, kt\u00f3rego filozofia szkolenia wykorzystywana jest w r\u00f3\u017cnych formach i modyfikacjach w najbardziej rozwini\u0119tych pi\u0142karsko krajach na \u015bwiecie. Na czym jednak polega koncepcja Funinio Funinio zak\u0142ada wszechstronne rozwijanie zawodnika&hellip;&nbsp;<a href=\"https:\/\/funinio.pl\/index.php\/filozofia-szkolenia\/\" rel=\"bookmark\">Dowiedz si\u0119 wi\u0119cej &raquo;<span class=\"screen-reader-text\">Filozofia szkolenia<\/span><\/a><\/p>\n","protected":false},"author":1,"featured_media":0,"parent":0,"menu_order":0,"comment_status":"closed","ping_status":"closed","template":"","meta":{"neve_meta_sidebar":"full-width","neve_meta_container":"","neve_meta_enable_content_width":"on","neve_meta_content_width":81,"neve_meta_title_alignment":"","neve_meta_author_avatar":"","neve_post_elements_order":"","neve_meta_disable_header":"","neve_meta_disable_footer":"","neve_meta_disable_title":"","footnotes":""},"class_list":["post-166","page","type-page","status-publish","hentry"],"_links":{"self":[{"href":"https:\/\/funinio.pl\/index.php\/wp-json\/wp\/v2\/pages\/166","targetHints":{"allow":["GET"]}}],"collection":[{"href":"https:\/\/funinio.pl\/index.php\/wp-json\/wp\/v2\/pages"}],"about":[{"href":"https:\/\/funinio.pl\/index.php\/wp-json\/wp\/v2\/types\/page"}],"author":[{"embeddable":true,"href":"https:\/\/funinio.pl\/index.php\/wp-json\/wp\/v2\/users\/1"}],"replies":[{"embeddable":true,"href":"https:\/\/funinio.pl\/index.php\/wp-json\/wp\/v2\/comments?post=166"}],"version-history":[{"count":5,"href":"https:\/\/funinio.pl\/index.php\/wp-json\/wp\/v2\/pages\/166\/revisions"}],"predecessor-version":[{"id":203,"href":"https:\/\/funinio.pl\/index.php\/wp-json\/wp\/v2\/pages\/166\/revisions\/203"}],"wp:attachment":[{"href":"https:\/\/funinio.pl\/index.php\/wp-json\/wp\/v2\/media?parent=166"}],"curies":[{"name":"wp","href":"https:\/\/api.w.org\/{rel}","templated":true}]}}